.
14
Suppose -4*m + 8*m - 92 = 0. What is the greatest common factor of 46 and m?
23
Let t = -4 + 19. What is the greatest common divisor of 60 and t?
15
Let x be (-1)/((-25)/99 + (-44)/(-198)). What is the greatest common factor of x and 132?
33
Let f = -12 - -23. What is the highest common divisor of f and 99?
11
Let r be (-10)/1 - (3 + -1). Let q = 23 - 13. Let b be (408/q)/(r/(-40)). What is the highest common divisor of b and 17?
17
Let d = 64 + 0. What is the highest common factor of 32 and d?
32
Suppose -18 = -2*r + r. Let w = -15 - -27. Calculate the highest common factor of w and r.
6
Suppose 0 = -7*f + 302 + 454. What is the greatest common divisor of 270 and f?
54
Let h(x) = 2*x**2 + 12*x + 12. Let s be h(-8). What is the greatest common factor of 11 and s?
11
Let l = -63 - -198. Calculate the greatest common divisor of 15 and l.
15
Suppose 0*j = 5*j + 425. Let d = -25 - j. What is the greatest common factor of d and 24?
12
Suppose 0 = 5*d - d - 20. Calculate the greatest common divisor of 20 and d.
5
Let f = -30 - -56. What is the highest common factor of f and 13?
13
Suppose 0 = 4*x - f - 39, -9 = -2*x - 2*f + 3. What is the highest common factor of 18 and x?
9
Let l(s) = -s + 0*s - 2*s + 4*s + 5. Let v be l(-4). What is the highest common divisor of v and 1?
1
Let f(u) = -5*u**2 + u - 8. Let w(n) = -9*n**2 + 3*n - 17. Let b(k) = -11*f(k) + 6*w(k). Let t be b(-10). Calculate the greatest common factor of 24 and t.
8
Suppose 2*u = -2*u - 264. Let q = u - -156. Let y be 8/(4 + 0) - -8. Calculate the highest common divisor of y and q.
10
Let v(z) = z**2 + 4*z. Suppose 0 = -5*w - 25. Let i be v(w). Calculate the highest common divisor of i and 1.
1
Let j(z) = 5*z**3 + z + 2. Let l be j(2). Suppose 4*q = o - 19, 2*q + 5 = -0*q - o. Let t be q*(-1)/(3 - 2). What is the greatest common factor of l and t?
4
Suppose -3*a + 40 = 5*m - 88, 5*m = 3*a - 88. What is the greatest common factor of 24 and a?
12
Suppose -2*t = -39 - 69. Suppose -4*i = -15*i + 198. Calculate the greatest common factor of t and i.
18
Suppose 4*c + 26 = f, 0*f - c - 29 = -4*f. Let p(y) = 2*y**2 - y + 6. Let i be p(-4). What is the greatest common factor of i and f?
6
Suppose -4*c = -4*y + 36, -31 = -3*y + c + 2. Let x(t) = -2*t**3 - t**2 + 2*t - 3. Let p be x(-3). What is the highest common factor of p and y?
12
Let q(u) = 2*u**2 - 4*u. Let s be q(8). What is the highest common divisor of s and 12?
12
Let l = 74 - 165. Let o = -41 - l. Calculate the highest common divisor of o and 5.
5
Suppose 2*m - 6 = 0, -5*l = -0*m - 5*m + 10. What is the highest common divisor of l and 1?
1
Suppose 5*l = s + 8, 0 = 4*l - 5*l + 3*s + 10. Suppose -7 = -3*q - l. Suppose 0 = q*f - 16. Calculate the greatest common factor of f and 56.
8
Let k = -11 + 19. Calculate the greatest common factor of 56 and k.
8
Let b be 3*-1 - (-42 + -2). Let a = b - 23. Let m be (-1)/((-2)/(-324)*-1). What is the greatest common divisor of a and m?
18
Let w = -18 - -8. Let k = 14 - w. Calculate the highest common factor of 24 and k.
24
Let r(f) = -5*f - 7. Let y be r(-17). Calculate the highest common factor of 13 and y.
13
Let c be (5/2)/((-2)/(-8)). Suppose 2*l - 50 = -c. Let f be (-8)/l + (-184)/(-10). Calculate the greatest common factor of f and 9.
9
Suppose 10 = 2*z - 2*w, 0*w - 2*w = 4*z - 8. Let b(l) = l**3 + 5*l**2 - 7*l - 4. Let n be b(-6). What is the greatest common factor of n and z?
1
Suppose -3*k = -2*k - 72. What is the highest common factor of k and 9?
9
Let u be (-1)/((-3)/2*(-6)/(-261)). What is the highest common factor of u and 29?
29
Let o(y) = -16*y**3 + 3*y**2 + 5*y + 3. Let u be o(-2). Calculate the greatest common factor of 19 and u.
19
Suppose 0 = 7*r - 6*r - 25. Suppose 3*l - 41 = -5. Let c = r - l. Calculate the greatest common factor of 26 and c.
13
Let k be 2 - -1 - (-6 - 1). What is the highest common factor of 20 and k?
10
Let i be (-4)/(-1)*(-24)/32. Let h(s) = -27*s + 4. Let o be h(i). Let c(a) = a**2 - 5*a - 7. Let b be c(8). What is the greatest common factor of o and b?
17
Let s = 16 + -16. Suppose -1 = 4*k + n - 11, 2*k + 3*n - 10 = s. What is the greatest common factor of 16 and k?
2
Let l(z) = z**2 + 16*z + 18. Let n be l(-15). Let a be (n/(-9))/(1/(-33)). Calculate the greatest common divisor of 44 and a.
11
Let x = 6 - -1. Let q = 4 + -1. Suppose q*g = 292 - 61. Calculate the highest common divisor of x and g.
7
Let a be (20/(-13))/10 - 2734/(-26). Suppose 5*v + 36 = 111. Calculate the greatest common divisor of a and v.
15
Let p(z) = z**3 + z**2 + z - 2. Let q be p(1). What is the greatest common factor of 8 and q?
1
Let c(a) = 2*a + 1. Let i be c(1). Suppose -5*j = 3*o - 8*o - 50, -i*j + 4*o = -28. What is the highest common factor of j and 96?
12
Let l(y) = -5*y - 12. Let z be l(-8). Let d = z - 8. Let b be (d/(-15))/((-1)/12). What is the highest common factor of b and 144?
16
Suppose 0 = -d, 0*g + 3*g + d = 315. What is the greatest common divisor of g and 21?
21
Let x be 96/(((-27)/30)/(-3)). Suppose -2*t - x = -4*w, 3*t + 0*t = -4*w + 320. Suppose -h + 4 = -6. What is the highest common factor of h and w?
10
Suppose -22 = 5*n + 3, -4*n - 62 = -3*c. Calculate the greatest common divisor of c and 35.
7
Let l = -6 - -28. Let a(d) = 65*d**3 + 2*d**2 - 1. Let w be a(1). Calculate the greatest common factor of l and w.
22
Let y be -1 + -14*(-1)/2. Let o be (0 - 6/3) + 5. Suppose o*v + 2*f - 45 = -2*f, 15 = v + 5*f. Calculate the highest common divisor of y and v.
3
Suppose -5*t + 1 - 66 = 0. Let r = t - 5. Let d be r/12*32/(-6). What is the greatest common divisor of d and 64?
8
Let c be 1/4 - (0 + 79/(-4)). What is the highest common factor of c and 30?
10
Let s be -46*((-18)/4 + 4). What is the highest common divisor of 184 and s?
23
Let x be 9 - (1 - 0 - 3). Let o be 704*(3 + (-21)/6). Let t be 2/(-2)*o/4. Calculate the greatest common factor of x and t.
11
Let x = -50 + 114. What is the greatest common divisor of x and 8?
8
Suppose -5*d = -5*t - 0*t + 45, 5*t = -4*d + 45. Suppose -4*a - a = -315. Calculate the highest common factor of t and a.
9
Let r = 2 + 25. Suppose -5*s - 4*j + 72 = -0*j, s - r = -5*j. Calculate the highest common divisor of s and 96.
12
Let h = -111 - -213. Calculate the greatest common factor of h and 6.
6
Let r(t) = -t**2 + 10*t + 6. Let s = 1 + 8. Let a be r(s). Let d be -2*(-68)/1 - 1. Calculate the highest common divisor of a and d.
15
Let r(z) = -2*z + 39. Let k be r(18). What is the greatest common factor of 3 and k?
3
Let y(q) = 2*q**2 + 7*q + 7. Let t be y(-5). Let i = t + -11. Suppose 0 = 2*h + 13 - 101. What is the greatest common factor of h and i?
11
Let a(j) = -1 - 4 + 5 - j. Let i be a(-3). Suppose -i*v + 3 = -30. What is the highest common factor of v and 22?
11
Let a be 198 - (-1 + -1 + 0). Let u = -8 - -33. What is the highest common divisor of a and u?
25
Let o = -69 - -437. Suppose -o + 68 = -5*x. Calculate the highest common factor of x and 10.
10
Let h(s) = 38*s - 2. Let i be h(1). Calculate the greatest common factor of 48 and i.
12
Let l be 1/2*(85 + 1). Suppose 0 = 3*r - l - 8. Calculate the highest common divisor of 187 and r.
17
Let z = 46 - 18. Calculate the greatest common factor of 21 and z.
7
Suppose l - 2*u + 8 = -0, l - 3*u + 13 = 0. Suppose -l*z - 5 - 1 = 4*m, m - 1 = 0. Let f = z + 16. Calculate the highest common divisor of f and 77.
11
Let p(f) = 3*f - 4. Let z be p(-4). Let i be (-4)/z + 15/4. What is the greatest common factor of i and 36?
4
Suppose -4*z = 5*j - 120, 3*z + 20 + 4 = j. What is the highest common factor of 24 and j?
24
Let p(q) be the second derivative of 4/3*q**3 + 0 + 4*q - 2/3*q**4 + 1/20*q**5 - 2*q**2. Let u be p(7). Calculate the highest common divisor of u and 15.
3
Let d(w) = -w**2 - 12*w - 3. Let m be d(-11). Suppose -2*b + 2*t + 11 = b, -m = -4*t. What is the highest common divisor of 40 and b?
5
Let v(j) = j**3 - 13*j**2 + 22*j + 9. Let m be v(11). What is the greatest common factor of 63 and m?
9
Suppose -5*l + 173 = 2*v, -2*l + v = -14 - 57. Let i be 9 + (0 - 6)/3. Calculate the greatest common divisor of i and l.
7
Suppose -3*h + 4*l = -8*h + 190, -5*h + 2*l = -160. What is the highest common factor of h and 51?
17
Let r(w) = -2*w + 1 - 2 + 4 + w**2. Let b be r(4). Su